e 9?
-162
Convert 21 (base 3) to base 8.
7
What is 3 (base 11) in base 12?
3
125 (base 15) to base 11
217
-11 (base 3) to base 8
-4
Convert -11 (base 4) to base 10.
-5
What is 47 (base 11) in base 16?
33
-6 (base 16) to base 8
-6
4 (base 5) to base 14
4
What is 83 (base 14) in base 6?
311
Convert -101000 (base 2) to base 3.
-1111
What is 12001 (base 3) in base 15?
91
What is -353 (base 6) in base 2?
-10001101
What is -6 (base 7) in base 3?
-20
1 (base 9) to base 5
1
b4 (base 13) to base 15
9c
Convert 10 (base 8) to base 14.
8
-5 (base 15) to base 2
-101
Convert 6 (base 9) to base 5.
11
-201 (base 7) to base 3
-10200
What is 100 (base 2) in base 10?
4
-68 (base 9) to base 14
-46
What is 1 (base 10) in base 12?
1
What is 5 (base 13) in base 12?
5
Convert -2a (base 14) to base 11.
-35
10 (base 4) to base 12
4
Convert -10100101 (base 2) to base 7.
-324
What is -3 (base 15) in base 2?
-11
Convert -81 (base 9) to base 12.
-61
Convert -1 (base 15) to base 3.
-1
What is 1b (base 12) in base 4?
113
What is -6 (base 14) in base 12?
-6
What is 13 (base 16) in base 10?
19
What is 2 (base 9) in base 12?
2
What is 20202 (base 3) in base 6?
502
Convert 1111101 (base 2) to base 13.
98
What is -205 (base 9) in base 12?
-11b
-100010111 (base 2) to base 5
-2104
1 (base 12) to base 13
1
Convert -3 (base 15) to base 14.
-3
3 (base 4) to base 9
3
Convert 11 (base 2) to base 3.
10
1322 (base 4) to base 12
a2
What is 26 (base 14) in base 4?
202
What is -3 (base 11) in base 6?
-3
What is 45 (base 9) in base 11?
38
20 (base 3) to base 6
10
-101112 (base 3) to base 2
-100011100
Convert -2 (base 10) to base 7.
-2
Convert -c6 (base 13) to base 8.
-242
-15 (base 10) to base 15
-10
Convert -13 (base 6) to base 7.
-12
Convert -11 (base 10) to base 8.
-13
What is 36 (base 10) in base 11?
33
What is -32 (base 6) in base 11?
-19
What is 3 (base 14) in base 16?
3
Convert -57 (base 12) to base 5.
-232
What is 1301 (base 4) in base 6?
305
-50 (base 8) to base 4
-220
What is 15 (base 6) in base 11?
10
What is 39 (base 11) in base 10?
42
-a8 (base 13) to base 8
-212
3 (base 7) to base 15
3
What is -4 (base 15) in base 13?
-4
What is -30 (base 10) in base 4?
-132
-2 (base 10) to base 4
-2
What is -11 (base 9) in base 4?
-22
Convert -12 (base 8) to base 7.
-13
-100 (base 3) to base 5
-14
Convert 38 (base 15) to base 2.
110101
Convert 0 (base 6) to base 3.
0
-112 (base 4) to base 7
-31
What is 3 (base 5) in base 13?
3
What is -22 (base 9) in base 6?
-32
Convert -84 (base 10) to base 3.
-10010
What is 42 (base 10) in base 4?
222
Convert 1 (base 16) to base 15.
1
Convert -1a (base 11) to base 4.
-111
What is -4 (base 13) in base 9?
-4
What is 1 (base 9) in base 14?
1
10 (base 4) to base 12
4
What is -8 (base 15) in base 16?
-8
Convert 454 (base 7) to base 13.
151
11 (base 7) to base 6
12
4 (base 6) to base 4
10
Convert -301 (base 8) to base 12.
-141
-5 (base 7) to base 3
-12
-414 (base 7) to base 6
-543
Convert 8 (base 10) to base 7.
11
Convert 1111 (base 4) to base 3.
10011
What is 166 (base 10) in base 15?
b1
12 (base 3) to base 13
5
What is 2 (base 14) in base 16?
2
What is -251 (base 6) in base 16?
-67
100 (base 3) to base 8
11
-3a (base 13) to base 4
-301
What is 11 (base 3) in base 8?
4
-3 (base 5) to base 11
-3
What is 3 (base 5) in base 13?
3
Convert 211 (base 4) to base 13.
2b
2 (base 12) to base 8
2
Convert -122 (base 5) to base 13.
-2b
Convert 32 (base 16) to base 7.
101
What is -133 (base 8) in base 13?
-70
What is 20 (base 3) in base 14?
6
21 (base 6) to base 13
10
What is -2 (base 3) in base 5?
-2
What is 10 (base 7) in base 15?
7
-174 (base 13) to base 2
-100001000
What is 21 (base 16) in base 12?
29
What is 3 (base 16) in base 3?
10
Convert -73 (base 16) to base 12.
-97
What is 113 (base 4) in base 11?
21
Convert 200 (base 3) to base 9.
20
-3 (base 4) to base 16
-3
-2 (base 4) to base 5
-2
1 (base 7) to base 14
1
Convert d5 (base 14) to base 2.
10111011
What is 28 (base 16) in base 4?
220
Convert -22 (base 11) to base 9.
-26
Convert 6 (base 14) to base 4.
12
-5 (base 13) to base 16
-5
Convert -3 (base 12) to base 5.
-3
What is -39 (base 11) in base 5?
-132
What is -3 (base 15) in base 2?
-11
Convert 151 (base 11) to base 16.
b1
Convert 1 (base 12) to base 3.
1
What is 131 (base 6) in base 14?
3d
What is 13 (base 16) in base 4?
103
Convert 6 (base 8) to base 14.
6
Convert 5 (base 10) to base 15.
5
Convert -22 (base 9) to base 14.
-16
279 (base 10) to base 16
117
What is -100000 (base 2) in base 11?
-2a
What is -3 (base 15) in base 8?
-3
What is -73 (base 9) in base 14?
-4a
11 (base 14) to base 4
33
What is -34 (base 10) in base 11?
-31
What is 1 (base 11) in base 4?
1
What is 202 (base 5) in base 13?
40
Convert -4 (base 16) to base 12.
-4
What is 4 (base 7) in base 11?
4
Convert -51 (base 7) to base 3.
-1100
Convert 1 (base 11) to base 10.
1
Convert -1314 (base 5) to base 14.
-10d
5 (base 15) to base 11
5
What is 48 (base 14) in base 3?
2101
Convert -49 (base 10) to base 12.
-41
-10 (base 10) to base 6
-14
-550 (base 7) to base 13
-187
-10 (base 2) to base 3
-2
Convert 4 (base 12) to base 9.
4
Convert -25 (base 15) to base 14.
-27
Convert 15 (base 11) to base 13.
13
Convert 14 (base 5) to base 7.
12
Convert -24 (base 15) to base 4.
-202
What is -2 (base 9) in base 11?
-2
What is 1 (base 15) in base 8?
1
Convert -15 (base 11) to base 13.
-13
Convert 3 (base 5) to base 4.
3
What is 37 (base 10) in base 3?
1101
Convert 67 (base 15) to base 5.
342
Convert -10 (base 6) to base 4.
-12
What is 1 (base 14) in base 9?
1
Convert 1332 (base 4) to base 14.
90
What is 56 (base 7) in base 16?
29
-86 (base 9) to base 15
-53
What is 12 (base 9) in base 12?
b
Convert -30 (base 9) to base 15.
-1c
Convert -52 (base 12) to base 11.
-57
What is -3 (base 7) in base 11?
-3
What is 322 (base 8) in base 7?
420
Convert -c0 (base 13) to base 16.
-9c
10200 (base 3) to base 8
143
What is 1000000 (base 2) in base 6?
144
What is 9 (base 16) in base 2?
1001
Convert 3 (base 9) to base 8.
3
11 (base 11) to base 9
13
Convert -155 (base 7) to base 11.
-81
33 (base 11) to base 12
30
10 (base 4) to base 10
4
Convert 1 (base 13) to base 4.
1
Convert 11 (base 4) to base 5.
10
Convert -1 (base 5) to base 4.
-1
What is 3 (base 16) in base 4?
3
What is -101 (base 2) in base 5?
-10
What is 1 (base 14) in base 9?
1
Convert 111101 (base 2) to base 13.
49
What is -5 (base 13) in base 2?
-101
What is -1101111 (base 2) in base 10?
-111
Convert 19 (base 13) to base 14.
18
Convert 15 (base 9) to base 16.
e
1 (base 6) to base 7
1
-7 (base 8) to base 16
-7
Convert -345 (base 6) to base 11.
-115
What is -3 (base 15) in base 7?
-3
Convert -11 (base 7) to base 4.
-20
What is -20001 (base 3) in base 4?
-2203
What is -1 (base 16) in base 9?
-1
-16c (base 13) to base 3
-100121
What is 4 (base 14) in base 9?
4
Convert -32 (base 12) to base 7.
-53
Convert 3 (base 5) to base 12.
3
Convert 39 (base 15) to base 4.
312
Convert 424 (base 6) to base 9.
187
What is -b7 (base 12) in base 9?
-164
0 (base 7) to base 8
0
-30 (base 4) to base 8
-14
-10 (base 3) to base 8
-3
Convert a9 (base 11) to base 3.
11102
What is -1110 (base 2) in base 9?
-15
Convert 0 (base 10) to base 6.
0
Convert 5 (base 9) to base 4.
11
What is -3 (base 10) in base 2?
-11
1 (base 9) to base 4
1
4 (base 13) to base 11
4
What is 1 (base 16) in base 2?
1
Convert 2200 (base 4) to base 11.
136
0 (base 5) to base 13
0
What is 6 (base 16) in base 4?
12
Convert 20 (base 3) to base 4.
12
37 (base 14) to base 16
31
What is -1 (base 5) in base 3?
-1
1 (base 10) to base 8
1
What is -3 (base 4) in base 8?
-3
503 (base 7) to base 2
11111000
32 (base 6) to base 7
26
Convert -1 (base 9) to base 3.
-1
-1000110 (base 2) to base 8
-106
What is 36 (base 13) in base 15?
30
Convert -40 (base 14) to base 11.
-51
13 (base 10) to base 12
11
-4 (base 10) to base 6
-4
What is 22 (base 4) in base 9?
11
What is 9 (base 12) in base 15?
9
1 (base 13) to base 5
1
110100 (base 2) to base 3
1221
Convert 11 (base 3) to base 12.
4
What is 1000011 (base 2) in base 10?
67
-22 (base 6) to base 7
-20
Convert 10100 (base 2) to base 14.
16
What is 1311 (base 6) in base 16?
14b
What is -205 (base 7) in base 16?
-67
What is 23 (base 4) in base 3?
102
Convert 136 (base 10) to base 11.
114
What is -100001 (b